is the greatest common divisor of c and 155?
31
Let y(v) = -3*v + 5*v + 10 + 8. Let f = 375 - 375. Let b be y(f). Calculate the highest common factor of b and 126.
18
Suppose -6*x = -10*x + 660. Let b = -430 + 445. Calculate the greatest common divisor of x and b.
15
Suppose 0 = 23*d - 447 - 82. Suppose 7*h - 2*h = 1265. What is the greatest common factor of d and h?
23
Suppose -5*i = 1066 - 1691. Calculate the highest common divisor of 50 and i.
25
Let g be (-4 - 40/(-25))/(((-13)/10)/13). Let q(p) = 28*p**3 - p**2 - 2*p. Let n be q(2). What is the greatest common divisor of g and n?
24
Let i be 3/((-295)/(-40) + -7). Calculate the greatest common factor of i and 10.
2
Suppose 2*v - 1448 = -4*u, -9*v + 362 = u - 11*v. What is the highest common factor of u and 2?
2
Suppose -4*a = -5*f + 46, -3*f - 22 = -4*f + 4*a. Let i = 82 + -34. What is the greatest common factor of f and i?
6
Let i(l) = 7*l**3 + 2*l**2 - 6*l + 6. Let p be i(4). Let n be (-8)/12*p/(-4). What is the greatest common divisor of 7 and n?
7
Let a = -196 + 378. Let b = -70 + a. Calculate the greatest common divisor of 28 and b.
28
Let x(w) = 759*w**2 + 3787*w. Let v be x(-5). Suppose -3*y = -l - 48, 4*l + 72 + 8 = 5*y. Calculate the greatest common divisor of v and y.
8
Let m be 11/(-3) - (-52)/78. Let c be (-8)/(m + 33/12). Calculate the greatest common factor of 4 and c.
4
Let l(p) = -p**2 - 25*p - 18. Let g be l(-24). Suppose 0*d - 144 = -g*d. What is the greatest common factor of 36 and d?
12
Let j = -10 - -18. Let s be 250/(-20)*16/(-5). What is the greatest common factor of s and j?
8
Let r = 36 - 28. Suppose -r*v + 6*v + 20 = 0. Calculate the greatest common factor of v and 25.
5
Let w be 3 - -44 - (-2 - (-20)/5). Suppose -3*i + 0*p + 94 = -4*p, -3*i = 5*p - 85. Calculate the highest common divisor of w and i.
15
Let w(c) = 4 + 57*c - 4 - 54*c + c**2. Let g be w(-5). Calculate the greatest common divisor of g and 80.
10
Let a be (-4)/(-26) + (-1640)/(-13)*-1. Let i be ((-16)/(-7) - 2)/((-9)/a). What is the highest common factor of i and 68?
4
Suppose 7*t + 10 = 45. Suppose 3*b = -5*v + 53, -5*v = -t*b + 7 + 28. What is the highest common factor of 11 and b?
11
Let s = -62 + 110. Let y be (6 + -5)/(3/159). Let t = y - 21. What is the greatest common divisor of t and s?
16
Suppose -10 = -3*g + 2*b, 5*g + 4*b - 10 = 6*g. What is the highest common divisor of 2 and g?
2
Let j(h) = h**3 - 12*h**2 + 11*h - 4. Let r be j(11). Let f be -15*(40/15)/r. Calculate the highest common divisor of 30 and f.
10
Suppose 0*t - 896 = -7*t. What is the highest common divisor of 32 and t?
32
Suppose 2*h - 4 = -0. Suppose 2*y - 156 = -h*f, -y = 2*f - 42 - 40. Suppose -3*s - s + 2*p = -y, s + p - 17 = 0. What is the highest common factor of s and 6?
6
Let c(o) = -9*o - 21. Suppose 0*l + l = 2*g - 3, -l - 5*g - 17 = 0. Let k be c(l). What is the greatest common factor of 6 and k?
6
Suppose 5*v = 5*a - 15, 3*v - 6*a + 19 = -a. What is the greatest common divisor of 13 and v?
1
Suppose 0 = -54*k + 62*k - 1432. What is the highest common divisor of 1 and k?
1
Let g = 1662 - 1652. Let i(m) = m**3 - 2*m**2 + 4*m - 1. Let a be i(3). Suppose -j - j = -a. Calculate the greatest common divisor of g and j.
10
Suppose 0 = -p - 5, 5*y - 307 = -5*p + 303. Let m be (-4)/4 - (y + -3). Let z = -50 - m. Calculate the greatest common divisor of z and 15.
15
Let i = 21 - 57. Let h = 39 + i. What is the greatest common factor of h and 9?
3
Suppose 60 = 11*a + 4*a. Calculate the greatest common divisor of a and 10.
2
Suppose -39*t - 11827 = -12295. Suppose -192 = -4*p - 0*p. Calculate the highest common factor of p and t.
12
Let z(a) = -a**2 + 5*a + 82. Let g be z(10). What is the greatest common factor of 10 and g?
2
Let u be (-186)/(-124) - (-1275)/2. What is the greatest common factor of 71 and u?
71
Let p be (-134)/(-26) + 12/(-78). Let r = -6 + p. Let u(o) = -20*o - 3. Let b be u(r). Calculate the greatest common divisor of b and 17.
17
Suppose -5*v = -10*x + 13*x - 7795, -5*x + 12975 = 5*v. Calculate the greatest common factor of x and 10.
10
Let n = 129 - 111. Suppose n = 4*l - 2*l. What is the highest common divisor of l and 81?
9
Suppose -q + 3*b = 36, -4*q - 2*b - 180 = q. Let m(g) = -2*g**2 - 6*g + 18. Let f be m(-8). Let s = q - f. Calculate the greatest common divisor of 104 and s.
26
Suppose 33*p - 353 = 934. Calculate the greatest common divisor of 15 and p.
3
Suppose -7488 = -1457*b + 1441*b. What is the highest common factor of 819 and b?
117
Suppose 0 = 32*z - 29*z - 99. What is the greatest common divisor of 264 and z?
33
Let k = -1129 + 1697. What is the highest common divisor of k and 8?
8
Suppose 7*w = -h + 3*w + 19, 0 = 3*h - w + 8. Let l(q) = 0*q**2 + 5*q**2 + 4*q**2. Let t be l(h). Calculate the highest common divisor of 99 and t.
9
Let t be (-346)/(-18) + 10/(-45). Let s = 155 - 111. Let h be s - (-1 - 5)/(-2) - 3. What is the highest common factor of h and t?
19
Let b be 6/(-4)*(-84)/18. Let j be (-4)/(-10) + 3588/130. What is the highest common factor of b and j?
7
Suppose -24*i + 7*i = -17. What is the greatest common divisor of 53 and i?
1
Let s(q) = q**3 + 10*q**2 - 2*q - 19. Let t be s(-9). Suppose -2*a = 3*j - 44, -4*a + 3*a - 2 = 0. Calculate the highest common divisor of t and j.
16
Suppose -4*b + 4*k + 192 = 0, -20*k + 192 = 4*b - 15*k. What is the highest common divisor of 78 and b?
6
Suppose 0 = -x - 4*s + 25, -2*s + 160 - 60 = 4*x. Let t be (-2 - 0 - 3)/(-1). What is the greatest common divisor of t and x?
5
Suppose 2*t - 2 = -q + 18, 5*q = -2*t + 76. Suppose -4*h + 10 + 6 = 2*a, -4*h = 20. Let y be (6/2 - -4)*a. Calculate the greatest common factor of y and q.
14
Suppose 4*g + 5*b = 195, 5*g + b + b - 248 = 0. Let p be (-252)/(-35)*g/4. What is the highest common divisor of 18 and p?
18
Suppose -16*b - 570 = -21*b. Suppose -2*y = n - 34, 5*y + 29 = n - 19. Calculate the greatest common factor of n and b.
38
Let w(f) = f**3 + 6*f**2 + 5*f + 2. Let p = 16 + -16. Let k be -6 + 5 + p + -4. Let n be w(k). What is the greatest common divisor of 1 and n?
1
Suppose 31*u + 5450 = 56*u. What is the greatest common factor of 2 and u?
2
Let a(v) = 4*v - 8. Let u be a(8). Suppose 5*z + 70 = -5*q, -2*q - 3*z - u = -q. Let c be 5*(-1)/3*q. Calculate the greatest common factor of 3 and c.
3
Suppose -533 = -4*a + 787. Let p = -39 + 10. Let c be (-3)/(-12)*4 - p. What is the greatest common divisor of a and c?
30
Suppose -3*r + 41 = 3*j - 64, 0 = 4*r + j - 140. What is the greatest common divisor of r and 28?
7
Let b(c) = 31*c + 214. Let j be b(-6). Suppose -3 + 7 = w. Suppose -w*o = o - 210. Calculate the highest common divisor of j and o.
14
Let y(s) = -12*s**3 - 2*s**2 + s + 2. Let t be ((-2)/6)/(6/18). Let g be y(t). Calculate the highest common factor of g and 22.
11
Let b = 19 + -8. Let s(k) = -238*k - 9281. Let m be s(-39). Calculate the greatest common factor of b and m.
1
Let d be 4/(8/4) + 21. Suppose h + d = 98. Calculate the highest common divisor of h and 25.
25
Let g be 1 - 5/10*(-1 - 1). Suppose 0 = -8*m + 3*m + c + 363, -g*c - 222 = -3*m. Calculate the highest common factor of 8 and m.
8
Let w be 6/(-5)*(-12 + -3). Let x(o) = -o**2 - 5*o - 6. Let a be x(-2). Suppose -3*z + 6 = a, -y - z + 12 = -8. Calculate the highest common factor of y and w.
18
Suppose 100 = -5*h + 15*h. Calculate the greatest common factor of h and 8.
2
Suppose 0 = 5*z + 3*u - 1, -u = z - 7 + 8. Calculate the greatest common factor of z and 26.
2
Suppose -3*o + 36 + 608 = -4*f, 0 = 5*o - 5*f - 1080. Let c(h) = -30*h + 2870. Let l be c(95). What is the highest common factor of l and o?
20
Let p be (40/25)/(238/(-35) + 7). Let c = 1 - -1. Calculate the greatest common factor of p and c.
2
Suppose -209*u + 199*u + 30 = 0. Let q be 1 - (1 + (-35 - -2)). Calculate the greatest common divisor of q and u.
3
Let h(y) = 13*y + 117. Let b be h(16). What is the greatest common factor of 25 and b?
25
Suppose -v - 40 = -5*a - 0*v, -2*a = 3*v - 16. What is the highest common factor of 88 and a?
8
Let n be ((-3)/15 + 1)/(2/5). Suppose 5*g = -3*f + 429, 81 = g - n*f + f. Calculate the greatest common factor of g and 24.
12
Let b(o) = o**3 - 12*o**2 + 3*o - 4. Let a(w) = 1. Let j(r) = a(r) - b(r). Let d be j(11). Calcula